-3*j = -26*q + 31*q - 206. What is the remainder when 170 is divided by j?
26
Let r(z) = 7*z**2 + 6*z - 1. Let o be r(-6). Suppose o*y - 229*y = -4130. Calculate the remainder when y is divided by 11.
9
Let b(o) = 48*o**2 - o. Calculate the remainder when b(1) is divided by (-34 - 10)/(-1) + -9.
12
Let y(h) = -h**2 - 18*h - 43. Let w be y(-15). Suppose 0 = -2*f + 7*f + w*a - 121, 8 = -4*a. Calculate the remainder when f is divided by 9.
7
Let z(i) = 75*i + 6740. Calculate the remainder when 8973 is divided by z(-50).
3
Calculate the remainder when (1039/(-2))/(232/(-1392)) is divided by 25.
17
Suppose m + 16 = -7*m. Calculate the remainder when 78 is divided by 258/m*16/(-48).
35
Let s be (-2)/(-7) - (-174)/(-21). Let j = 12 + s. Let h = 6012 + -5995. What is the remainder when h is divided by j?
1
Suppose 5*n - 4*u - 1870 = -1712, -2*n - 4*u = -108. Suppose -2*h + 5*g = -550, -2*h + 1048 = 2*h + 3*g. What is the remainder when h is divided by n?
37
Let n be -2 + -3*(-38)/3. Let x = -2409 - -2450. Suppose n*c + 100 = x*c. What is the remainder when 56 is divided by c?
16
Suppose 0 = 2*k + 8 - 10. Let x be (k + -6)*(-2)/2. Suppose -85 + x = -5*j. What is the remainder when 46 is divided by j?
14
Let v be 1/3 - (-804)/(-36). What is the remainder when ((-36)/6 - v) + -1 is divided by 5?
0
Let f be 1/2*(-41 - -41). Let y(v) = -v**2 + 17*v + 294. What is the remainder when y(f) is divided by 37?
35
Suppose -8*w = -2*w - 1734. Let l = w - 255. Calculate the remainder when l is divided by 19.
15
Let b = 3601 + -3519. Suppose 0 = -5*p + 4*m + 176 - 26, 0 = -4*p - 5*m + 120. What is the remainder when b is divided by p?
22
Suppose 0 = 6*m + 625 - 19. Let n = m - -263. Calculate the remainder when n is divided by 42.
36
Let v(m) = 5*m**2 + 2*m - 1. Suppose 52*t + 5*g = 53*t - 5, -5*g - 80 = -4*t. Calculate the remainder when v(-3) is divided by t.
13
Suppose 0 = 3*a + 2*f - 158, f - 51 = 2*a - 3*a. What is the remainder when a is divided by (21/3)/(56/184)?
10
Let p(b) = b**3 - 3*b**2 + 5*b - 1. Suppose -24*h + 29*h - 10 = 0. Let n be p(h). Suppose n*t = t + 584. What is the remainder when t is divided by 37?
35
Let i = -2042 - -2060. Let c be (-5)/(-3) - (-1)/3. Suppose -c*j + 4*j = i. Calculate the remainder when j is divided by 4.
1
Let c(q) = -3*q**3 + 2*q**2 - q + 12. What is the remainder when 137 is divided by c(0)?
5
Let c = 7948 - 7915. What is the remainder when 1713 is divided by c?
30
Let f(r) = 5*r**2 - 11*r + 27. Let j be f(4). Let k = -10 - -14. Suppose 2*m + 3*n = 17, 9 - j = -k*m - 2*n. What is the remainder when 63 is divided by m?
15
Let m(s) = -95*s - 232. What is the remainder when m(-10) is divided by 147?
130
Suppose -2*c + 3*c = 890. Suppose 6*z - c = z. What is the remainder when z is divided by (3084/(-1799))/(2/(-14))?
10
Let k = 88 + -63. Suppose 11*c = 6*c + k. Calculate the remainder when (-1)/(350/(-115) + 3) is divided by c.
3
Let x(h) = -5*h**2 + 61*h - 144. What is the remainder when 431 is divided by x(8)?
23
Let n(o) = -o**3 + 3*o**2 + 5*o - 2. What is the remainder when (-6)/8*(-1736)/(-9765) + 377/15 is divided by n(3)?
12
Let d(k) = k**3 - 47*k**2 + 89*k + 59. What is the remainder when (-152)/32*(-1 + -19) is divided by d(45)?
11
Let m be (-2)/(-4)*(3 - 219)/(-4). Let s = 57 + m. Suppose 3*r - r - 58 = 0. What is the remainder when s is divided by r?
26
Suppose 620*d = 118*d - 594*d - 90*d + 2372. Suppose -25 - 1 = -4*v - 2*l, 4*v = -5*l + 41. Calculate the remainder when v is divided by d.
0
Let j = -265 - -145. Suppose 3*y - 20 - 7 = 0. Calculate the remainder when j/20 - (-2 - 20) is divided by y.
7
Suppose 2*n = -2*v - 212, -n - 49 = 2*v + 52. Let d = n - -133. What is the remainder when d is divided by 9?
4
Suppose 2*c = 2*o + 16, -4*c = 4*o - 141 + 69. What is the remainder when 623 is divided by c?
12
Let b(k) = k**2 - 58*k - 1013. Calculate the remainder when b(-17) is divided by 134.
128
Let j(x) = -89*x**2 + 0*x - 2*x - 95*x**2 + 195*x**2. Calculate the remainder when j(-2) is divided by 18.
12
Suppose -2562 = -5*f - 2*b, 0 = -60*b + 57*b - 12. What is the remainder when f is divided by 70?
24
Let f = -7712 - -7967. Calculate the remainder when f is divided by 32.
31
What is the remainder when 63 is divided by 42/2 - (26 - 27)?
19
Let m(p) = p**3 + 10*p**2 - 3*p + 14. Let g = 18 + -19. Let q be (0 + 2)/(g/5). Calculate the remainder when 175 is divided by m(q).
43
Suppose -3*g = -12, 2318 + 496 = 2*p - 4*g. Calculate the remainder when p is divided by 177.
176
Suppose 0 = -3*g + 9, g + 23 = -0*z + z. Suppose -53*v = -z*v - 1431. Calculate the remainder when v is divided by 18.
17
Suppose 6*k - k = 3*y + 11, 22 = 2*y + 4*k. Let d = -142 + 137. What is the remainder when 8/(-40) + (-66)/d is divided by y?
1
Let i = -776 + 1358. Let z = 7046 + -7033. Calculate the remainder when i is divided by z.
10
Suppose 35 = 5*s + 3*j - 8*j, -s + 2*j + 7 = 0. Let u be 0 + s + 2*-2. Calculate the remainder when 2 - u - (-62)/1 is divided by 22.
17
Let w(z) = 2*z**3 - z**2 + z - 8. Let r be w(4). Suppose 522 = 5*s - r. Suppose 6*h - 8*h = -s. Calculate the remainder when h is divided by 33.
30
Let k(i) = 286*i + 10904. Suppose 5*l - 630 - 265 = 0. Calculate the remainder when l is divided by k(-38).
35
Let p = 34895 - 30685. Calculate the remainder when p is divided by 15.
10
Let h = 1970 - 110. Calculate the remainder when h is divided by 309.
6
Let c(m) = 10*m - 41. Let k be c(13). Suppose 0 = 6*h - 12. Suppose -h*u = d - 205, u - 5*d + k = 2*u. What is the remainder when u is divided by 36?
32
Suppose -253 = -k + 147. Let t = k + -390. Calculate the remainder when (1 + -2 - -150)/1 is divided by t.
9
Suppose 3*t = 3*a + 57, -t - 2*a - 2*a = -14. Suppose -x - 4 = 0, 1 + t = j + 3*x. Let m(p) = 2*p + 121. What is the remainder when m(-16) is divided by j?
27
Let k(u) = u**2 - 35*u - 243. Let d be k(41). Suppose -713 = -28*l - d*l. Calculate the remainder when 67 + -2 + 0 + 1 is divided by l.
20
Let b = -178 + 201. Let r = 35 - b. Calculate the remainder when 56 is divided by r.
8
Let t = 180 - 176. Suppose -5*h - 106 = -i, -t*i + 368 + 37 = -h. Let n(f) = -2*f**3 - 4*f**2 - f + 5. What is the remainder when i is divided by n(-3)?
23
Suppose -3*a - 11*a = 0. Let d be -5 + 20/5 - a. What is the remainder when (d/(-1)*7)/(3 - 2) is divided by 6?
1
Let h = -208 + 244. Suppose -4*o - f + h = -46, 5*o = 5*f + 90. Calculate the remainder when o is divided by 16.
4
Suppose 5*g = -a + 1562, 1534 = 5*g - 22*a + 19*a. What is the remainder when g is divided by 130?
51
Suppose -113*u = -57*u - 5040. Calculate the remainder when u is divided by 66.
24
Suppose x + 6 - 34 = 0. Let b be x*(-1)/(14/(-24)). Suppose -w + b - 10 = 0. Calculate the remainder when w is divided by 14.
10
Let s(j) = 3*j**2 - j + 6. Suppose -4*k + 318 = 2*c, 156 = -3*c + 4*c + 5*k. Suppose 153*x = c*x - 80. Calculate the remainder when s(6) is divided by x.
8
Let f be 5 - 5 - -2 - 4. Calculate the remainder when (4/(-10))/(f/60) is divided by (-2 + -3)*(0 - 1).
2
Suppose 3*j = -32*j + 910. Suppose 5*b = 11*b - 372. Calculate the remainder when b is divided by j.
10
Suppose 135 - 19 = 4*y. Let o = -21 - -24. Suppose o*a = 118 + 305. Calculate the remainder when a is divided by y.
25
Suppose -849*j + 118 = -847*j. What is the remainder when 1107 is divided by j?
45
Let w = 4711 + -4595. Calculate the remainder when w is divided by 74.
42
Calculate the remainder when -10 - (-12 - -27) - -899 is divided by 434.
6
What is the remainder when (-12)/9 - 4466/(-174)*88/14 is divided by 81?
79
Let a = -6502 + 6877. Calculate the remainder when a is divided by 49.
32
Let b = -6145 - -6504. Calculate the remainder when b is divided by 20.
19
What is the remainder when 4504 is divided by (-7)/((-24)/(8064/98))?
16
Let i = -2407 + 2509. What is the remainder when i is divided by 78?
24
Let c = 45711 + -42195. Calculate the remainder when c is divided by 20.
16
Calculate the remainder when (-155534)/(-380) + 12/(-40) is divided by 52.
45
Suppose 1776*m = 1800*m - 368 - 160. Let u(z) = -3*z**3 - 2*z**2 + 5*z + 6. Calculate the remainder when u(-5) is divided by m.
20
Suppose 5833 = -30*n + 5923. Calculate the remainder when 5411 is divided by n.
2
Calculate the remainder